52. Let p be 69/5 + 1 + 5/25. What is the hundreds digit of n(p)?
3
Let d = -445 + 474. What is the thousands digit of d/(-87) + (-3973)/(-3)?
1
What is the units digit of -4 + 5195 - (1 - -2)?
8
Suppose 4*p - 3*p = l + 4, -3*l - 4*p + 16 = 0. Suppose -6*k + 966 = -l*k. Suppose -48 = -164*b + k*b. What is the tens digit of b?
1
Let r = -691 - -3078. Let c = r - 1531. What is the tens digit of c?
5
Let o(p) = p**3 + 5*p**2 - 25*p + 10. Let g be o(8). Suppose -3*j + g = -2*d - 2*d, -2*d = 0. What is the hundreds digit of j?
2
Let g = -1418 + 3297. Suppose -4*d - 3*h = -503 - g, 3*h = 3*d - 1776. What is the tens digit of d?
9
Let t(v) = -25*v + 57. Let i be t(10). Let n = i + 346. What is the units digit of n?
3
Let x = 1488 + -1479. Let b = 4 - 9. Let c = x + b. What is the units digit of c?
4
Let c = 19939 - 5489. What is the ten thousands digit of c?
1
Suppose -8*f + 14 = -10. Suppose -3*x + 1356 = -f*m, -12*x - 2*m + 2267 = -7*x. What is the hundreds digit of x?
4
Let b(r) = -122*r**3 + 3*r**2 + 45*r + 41. What is the thousands digit of b(-4)?
7
Suppose 7*q - 170 = -5*o + 3*q, -70 = -2*o - 2*q. Let w = o + -24. What is the tens digit of 1/(-3) + 92/w?
1
Let k = 55 - 50. Suppose 5*x + 2*t - 1576 = -t, k*x + 5*t = 1570. What is the hundreds digit of x?
3
Suppose -x = k - 5*x + 43, -k - 3*x = 29. Let g be (2 + -3)*k/(-7). What is the units digit of g/15 - (-206)/6?
4
Suppose -105*q + 106*q = 2*f + 2178, 0 = 2*q + 3*f - 4335. What is the hundreds digit of q?
1
Suppose 344 = n + 7*n. Let q = 46 - n. Suppose -3*d - 3*p + 552 = 0, -2*d + 38 + 333 = q*p. What is the hundreds digit of d?
1
Let y be 4/10 - (-124)/(-310). Let m(n) = 64 + 0*n**2 + 0*n - 2*n + n**3 - n**2. What is the tens digit of m(y)?
6
Let k(x) = 5*x - 38. Let r be k(9). Suppose -15*c = -r*c - 5264. What is the hundreds digit of c?
6
Let n be (5/20)/((-3)/(-948)). Let f = n - 81. Let b(w) = -8*w**3 + w**2 + 2*w - 3. What is the units digit of b(f)?
1
Suppose 2*y + v - 329 = 0, 4*v + 484 - 18 = 3*y. Suppose s - 3*s = y. Let w = s - -267. What is the hundreds digit of w?
1
Let h(p) = -83*p + 5. Suppose 7*q + 210 = 12*q. Let c = q + -43. What is the units digit of h(c)?
8
Suppose y - 246*w + 242*w = 19023, 5*y - 95015 = -5*w. What is the ten thousands digit of y?
1
Let f(x) = 25 + 3*x - 52 + 28. Let w be 9/18*(-18)/(-1). What is the units digit of f(w)?
8
Suppose -14*o - 11 = 17. What is the hundreds digit of (2/30*25)/(o/(-426))?
3
Let s(r) be the first derivative of -2*r + 1/2*r**2 - 1/3*r**3 - r**4 + 17. What is the units digit of s(-3)?
4
Suppose 6*o = -a + 1230, 5*a - 5*o - 2321 = 3689. Suppose -3*g = -2*u - 0*g + a, 5*u = -5*g + 2990. What is the hundreds digit of u?
6
Let j = -153 + 152. Let b(n) = -377*n - 3. What is the hundreds digit of b(j)?
3
Let w(q) = -7*q + 6. Suppose -31 + 22 = -3*y. Suppose 4*f + y*k + 2 = 0, -k = -f - 8 + 4. What is the units digit of w(f)?
0
Let j be 11 - -1539 - 2*-2. Let r = j + -659. What is the tens digit of r?
9
Let l = 21244 - 12575. What is the tens digit of l?
6
Suppose 19*y - 146 = 595. Suppose y*v - 20460 = -16*v. What is the hundreds digit of v?
3
Suppose -3*h = -h + 10, h = 3*k - 68. Suppose 48 = k*t + 6. What is the units digit of t?
2
What is the thousands digit of (6/(-6) + -8 - -19)*(1 + 235)?
2
Suppose 88*g - 2748 = 82*g. What is the hundreds digit of g?
4
Let m(n) = n - 2. Let c(v) = -v**3 + 4*v**2 - v + 44. Let d(f) = c(f) + 2*m(f). What is the hundreds digit of d(-6)?
3
Suppose 12*m + 4769 - 15053 = 0. Suppose -4*r + 1228 = -2*n, -5*n - 371 = -4*r + m. What is the tens digit of r?
0
Let l(r) = -r**3 - 6*r**2 + 9*r - 10. Let d be l(-8). Suppose -8*w - d = -1982. Suppose 5*x - w + 75 = 4*b, -43 = -x + 4*b. What is the tens digit of x?
3
Let q = 9282 - 1427. What is the tens digit of q?
5
Let v = -47 + 51. Suppose y - 3*c + 7 = 0, -v*y + 0*c = c - 24. Suppose 0 = -2*x + 3*x - y*h - 86, -2*x - 2*h = -148. What is the units digit of x?
6
Suppose -3*u - 24 = -5*j, -5*j - u + 21 = 9. Suppose -5*z = y + 425 - 6720, j*y - 3777 = -3*z. What is the thousands digit of z?
1
Let t(n) = 120*n**3 - 8*n**2 + 2. Let k(g) = 362*g**3 - 24*g**2 + 8. Let v(u) = -3*k(u) + 10*t(u). What is the hundreds digit of v(2)?
8
Let y be (2*1)/(3*14/(-84)). Let g(a) = 9*a**2 - 2*a - 29. What is the hundreds digit of g(y)?
1
Let w(s) = -2*s - 2. Suppose 0 = -4*v - 2*o - 8, 4*v - v = 3*o - 6. Let j be w(v). What is the tens digit of (-1948)/(-8) + 1/j + -1?
4
Suppose 115 = 25*d - 2*d. Suppose 2*v - m = -4*m + 1621, -d*m + 4045 = 5*v. What is the units digit of v?
6
Suppose -m - 3*g + 6 = 0, -3*m - g = 4*g - 30. Let n be (-2 + 24/m)/(5/25). What is the tens digit of (2 + 6/n)*-89?
8
Suppose 4*c + 0*c + 277 = v, v = -4*c - 267. Let b = -1 - c. Suppose b = -3*g + 4*g. What is the tens digit of g?
6
Suppose 2*i - 5*f = 4331, 5*i + 7*f - 1028 = 9858. What is the tens digit of i?
7
Let u(y) = 12*y + 5. Suppose 7*o - 126 = -63. What is the hundreds digit of u(o)?
1
Let t(v) = -v**3 + v**2 + v - 1. Let y(h) = -2*h**3 + 12*h**2 + 3*h. Let u(n) = -3*t(n) + y(n). Let s be u(-9). What is the tens digit of (s - 181)*3/(-6)?
8
Let g = 28 + -212. Let b = 20 + g. Let l = b + 245. What is the tens digit of l?
8
Suppose 0 = 4*a + x - 10148 + 906, 3*x + 6 = 0. Suppose -4*w - 4*g = -0*w - 4612, -3*g = 2*w - a. What is the tens digit of 4/(-6) - w/(-12)?
9
Let w = 566 + -158. Suppose 0 = -w*t + 405*t + 2220. What is the units digit of t?
0
Let g be 14/63 + (-34)/(-9). Suppose g*h - 265 = 2975. Suppose -8*n + h = n. What is the units digit of n?
0
Let i(y) be the first derivative of -11*y**2 - 45*y - 359. Suppose -5*p + 4*c - 50 = 0, 4*p + 0 = -5*c + 1. What is the units digit of i(p)?
7
Suppose 3*t = 13709 + 1465. What is the hundreds digit of t?
0
What is the hundreds digit of (-6)/(-4)*(7597 + 541)?
2
Let y(t) = -13170*t - 13006. What is the hundreds digit of y(-5)?
8
Let q(m) = m**2 + 4*m - 3. Let b be q(-4). Let a(w) be the first derivative of 2*w**3/3 - 5*w**2/2 - 2*w - 8. What is the tens digit of a(b)?
3
Suppose 15 = 2*k - 5*n, -3*k + 27 = -0*k - 3*n. Suppose 18*z - k = 26. Suppose 3*w = -o + 830, -z*w + w + 3*o = -280. What is the tens digit of w?
7
Let f(k) = 10*k - 6 + 13 - 10. Let m be f(1). Suppose m*w = -w + 712. What is the units digit of w?
9
Let d be (-15)/(-30)*(2 + -2). Suppose -3*o = -5*l + 2122 + 412, d = -4*l - o + 2034. What is the tens digit of l?
0
What is the thousands digit of 2/(-3*8/(-464304))?
8
Let v(z) = 18*z**2 - 19*z - 171. What is the thousands digit of v(-15)?
4
Suppose -9*x + 867 = -276. Let n(g) = g**3 + 5*g**2 - g - 2. Let j be n(-5). Suppose -5*u = -j*v - 627, 2*u - x = u + v. What is the units digit of u?
3
Let v = -8537 - -9090. What is the tens digit of v?
5
What is the ten thousands digit of (-19)/(255 - 8)*-346151?
2
Suppose 6*x = -0*x. Suppose -1696 = -8*d - x*d. What is the hundreds digit of d?
2
Suppose 1534*w - 1502*w - 313984 = 0. What is the thousands digit of w?
9
Let p(o) = 37*o**3 + 4*o**2 + 80*o - 980. What is the ten thousands digit of p(13)?
8
Let z(f) = 2*f**2 + 35*f - 57. Let s be z(-19). Suppose -9*k + 298 + 755 = s. What is the tens digit of k?
1
Let a = 2068 + 1152. What is the thousands digit of a?
3
Let l(k) = -13*k**2 - 9*k + 10 - 12*k - k**3 - 2*k. Suppose f + 37 = -5*u, 14*f - u + 19 = 12*f. What is the tens digit of l(f)?
4
Let f = 5 - -6. Let j(v) = 8*v + v + v - 4*v - f. What is the tens digit of j(16)?
8
Let r(n) = 346*n - 152. Let j be r(12). Suppose j = 26*b - 4450. What is the units digit of b?
5
Let i = 13 - -14. Suppose -12*l + 9 + i = 0. Suppose 3*x - l*r - 127 = 2*x, -2*x + 3*r + 266 = 0. What is the units digit of x?
9
Let t be (12/(-30))/1*-15. Let r = 154 - t. What is the units digit of r?
8
Let i = -44818 + 67176. What is the tens digit of i?
5
Suppose 1467 = 2*y + d, 5*y - 3500 = -d + 166. Suppose -541 = 5*j - 8*j - l, -4*j + l = -y. What is the tens digit of j?
8
Suppose 0 = 48*b - 53*b + 218790. What is the thousands digit of b?
3
What is the thousands digit of 51730/15*(1872/56)/13?
8
Let y = 29 - 25. Suppose -2*i - y*f + 660 = 108, 1077 = 4*i - f. What is the hundreds digit of i?
2
Let h be 2 - -1 - 1551/(-3). Suppose -3*y + 184 = h. Let t = y - -178. What is the tens digit of t?
6
Let n(q) = -8*q 